{"id":761,"date":"2023-05-17T07:40:20","date_gmt":"2023-05-17T07:40:20","guid":{"rendered":"https:\/\/popkfe.com\/?page_id=761"},"modified":"2023-05-30T13:56:42","modified_gmt":"2023-05-30T13:56:42","slug":"mentions-legales","status":"publish","type":"page","link":"https:\/\/popkfe.com\/?page_id=761","title":{"rendered":"Mentions l\u00e9gales"},"content":{"rendered":"\n<p><strong>Informations Soci\u00e9t\u00e9 :<\/strong><br>SAS MAGIC BOWLING soci\u00e9t\u00e9 assujettie \u00e0 la TVA au capital social de 8 100 \u20ac <br>3 rue Mar\u00e9chal Victor Duc de Bellune<br>54000 NANCY<br><br>RCS : <strong>Nancy B 477&nbsp;489&nbsp;231<\/strong><br>SIRET : <strong>477489231 00027<\/strong><br>TVA Intra : <strong>FR29477489231<\/strong><br><br><strong>Contact Soci\u00e9t\u00e9 :<\/strong><br>Adresse :<br><strong>3 rue Mar\u00e9chal Victor Duc de Bellune<\/strong><br><strong>Complexe KINEPOLIS<br>54000 Nancy<\/strong><br>T\u00e9l\u00e9phone : <strong>03 83 222 900<\/strong><br>Mail : <strong>bowling@popkfe.com<\/strong><br><\/p>\n\n\n\n<p><strong><a href=\"https:\/\/popkfe.com\/?page_id=775\">Condition G\u00e9n\u00e9rales de Vente<\/a><\/strong><\/p>\n\n\n\n<p><strong><a href=\"https:\/\/popkfe.com\/?page_id=199\">R\u00e8glement Int\u00e9rieur<\/a><\/strong><\/p>\n\n\n\n<p><a href=\"https:\/\/popkfe.com\/?page_id=782\"><strong>Allerg\u00e8nes<\/strong><\/a><\/p>\n","protected":false},"excerpt":{"rendered":"<p>Informations Soci\u00e9t\u00e9 :SAS MAGIC BOWLING soci\u00e9t\u00e9 assujettie \u00e0 la TVA au capital social de 8 100 \u20ac 3 rue Mar\u00e9chal Victor Duc de Bellune54000 NANCY RCS : Nancy B 477&nbsp;489&nbsp;231SIRET : 477489231 00027TVA Intra : FR29477489231 Contact Soci\u00e9t\u00e9 :Adresse :3 rue Mar\u00e9chal Victor Duc de BelluneComplexe KINEPOLIS54000 NancyT\u00e9l\u00e9phone : 03 83 222 900Mail : bowling@popkfe.com [&hellip;]<\/p>\n","protected":false},"author":2,"featured_media":0,"parent":0,"menu_order":0,"comment_status":"closed","ping_status":"closed","template":"","meta":{"_themeisle_gutenberg_block_has_review":false,"footnotes":""},"class_list":["post-761","page","type-page","status-publish","hentry"],"_links":{"self":[{"href":"https:\/\/popkfe.com\/index.php?rest_route=\/wp\/v2\/pages\/761","targetHints":{"allow":["GET"]}}],"collection":[{"href":"https:\/\/popkfe.com\/index.php?rest_route=\/wp\/v2\/pages"}],"about":[{"href":"https:\/\/popkfe.com\/index.php?rest_route=\/wp\/v2\/types\/page"}],"author":[{"embeddable":true,"href":"https:\/\/popkfe.com\/index.php?rest_route=\/wp\/v2\/users\/2"}],"replies":[{"embeddable":true,"href":"https:\/\/popkfe.com\/index.php?rest_route=%2Fwp%2Fv2%2Fcomments&post=761"}],"version-history":[{"count":10,"href":"https:\/\/popkfe.com\/index.php?rest_route=\/wp\/v2\/pages\/761\/revisions"}],"predecessor-version":[{"id":785,"href":"https:\/\/popkfe.com\/index.php?rest_route=\/wp\/v2\/pages\/761\/revisions\/785"}],"wp:attachment":[{"href":"https:\/\/popkfe.com\/index.php?rest_route=%2Fwp%2Fv2%2Fmedia&parent=761"}],"curies":[{"name":"wp","href":"https:\/\/api.w.org\/{rel}","templated":true}]}}